[INFO] cloning repository https://github.com/Rembane/registrator
[INFO] running `Command { std: "git" "-c" "credential.helper=" "-c" "credential.helper=/workspace/cargo-home/bin/git-credential-null" "clone" "--bare" "https://github.com/Rembane/registrator" "/workspace/cache/git-repos/https%3A%2F%2Fgithub.com%2FRembane%2Fregistrator", kill_on_drop: false }`
[INFO] [stderr] Cloning into bare repository '/workspace/cache/git-repos/https%3A%2F%2Fgithub.com%2FRembane%2Fregistrator'...
[INFO] running `Command { std: "git" "rev-parse" "HEAD", kill_on_drop: false }`
[INFO] [stdout] fe5e2b0cd473ff1f781652151a7c298ac56192d3
[INFO] checking Rembane/registrator against master#9610dfe5a9a731ced1ea4923ecbd0c57fe367898 for beta-170-4
[INFO] running `Command { std: "git" "clone" "/workspace/cache/git-repos/https%3A%2F%2Fgithub.com%2FRembane%2Fregistrator" "/workspace/builds/worker-0-tc1/source", kill_on_drop: false }`
[INFO] [stderr] Cloning into '/workspace/builds/worker-0-tc1/source'...
[INFO] [stderr] done.
[INFO] validating manifest of git repo https://github.com/Rembane/registrator on toolchain 9610dfe5a9a731ced1ea4923ecbd0c57fe367898
[INFO] running `Command { std: CARGO_HOME="/workspace/cargo-home" RUSTUP_HOME="/workspace/rustup-home" "/workspace/cargo-home/bin/cargo" "+9610dfe5a9a731ced1ea4923ecbd0c57fe367898" "metadata" "--manifest-path" "Cargo.toml" "--no-deps", kill_on_drop: false }`
[INFO] removed /workspace/builds/worker-0-tc1/source/.cargo/config
[INFO] started tweaking git repo https://github.com/Rembane/registrator
[INFO] finished tweaking git repo https://github.com/Rembane/registrator
[INFO] tweaked toml for git repo https://github.com/Rembane/registrator written to /workspace/builds/worker-0-tc1/source/Cargo.toml
[INFO] crate git repo https://github.com/Rembane/registrator already has a lockfile, it will not be regenerated
[INFO] running `Command { std: CARGO_HOME="/workspace/cargo-home" RUSTUP_HOME="/workspace/rustup-home" "/workspace/cargo-home/bin/cargo" "+9610dfe5a9a731ced1ea4923ecbd0c57fe367898" "fetch" "--manifest-path" "Cargo.toml", kill_on_drop: false }`
[INFO] [stderr]     Updating git repository `https://github.com/hackndev/zinc.git`
[INFO] [stderr] warning: skipping duplicate package `blink` found at `/workspace/cargo-home/git/checkouts/zinc-81c783c18d834726/64aa605/examples/blink_lpc17xx`
[INFO] [stderr] warning: skipping duplicate package `blink_stm32f1` found at `/workspace/cargo-home/git/checkouts/zinc-81c783c18d834726/64aa605/examples/blink_stm32f1`
[INFO] [stderr] warning: skipping duplicate package `blink` found at `/workspace/cargo-home/git/checkouts/zinc-81c783c18d834726/64aa605/examples/blink_k20`
[INFO] [stderr]     Updating crates.io index
[INFO] [stderr]  Downloading crates ...
[INFO] [stderr]   Downloaded rlibc v1.0.0
[INFO] running `Command { std: "docker" "create" "-v" "/var/lib/crater-agent-workspace/builds/worker-0-tc1/target:/opt/rustwide/target:rw,Z" "-v" "/var/lib/crater-agent-workspace/builds/worker-0-tc1/source:/opt/rustwide/workdir:ro,Z" "-v" "/var/lib/crater-agent-workspace/cargo-home:/opt/rustwide/cargo-home:ro,Z" "-v" "/var/lib/crater-agent-workspace/rustup-home:/opt/rustwide/rustup-home:ro,Z" "-e" "SOURCE_DIR=/opt/rustwide/workdir" "-e" "CARGO_TARGET_DIR=/opt/rustwide/target" "-e" "CARGO_HOME=/opt/rustwide/cargo-home" "-e" "RUSTUP_HOME=/opt/rustwide/rustup-home" "-w" "/opt/rustwide/workdir" "-m" "1610612736" "--user" "0:0" "--network" "none" "ghcr.io/rust-lang/crates-build-env/linux@sha256:19e73879b68f455e41552ea35293514db52ea292d993f571636dbffedb77a1ee" "/opt/rustwide/cargo-home/bin/cargo" "+9610dfe5a9a731ced1ea4923ecbd0c57fe367898" "metadata" "--no-deps" "--format-version=1", kill_on_drop: false }`
[INFO] [stdout] 967543f749acb529ce635b63d29a104cd2350064277a6824d33027411136db38
[INFO] running `Command { std: "docker" "start" "-a" "967543f749acb529ce635b63d29a104cd2350064277a6824d33027411136db38", kill_on_drop: false }`
[INFO] running `Command { std: "docker" "inspect" "967543f749acb529ce635b63d29a104cd2350064277a6824d33027411136db38", kill_on_drop: false }`
[INFO] running `Command { std: "docker" "rm" "-f" "967543f749acb529ce635b63d29a104cd2350064277a6824d33027411136db38", kill_on_drop: false }`
[INFO] [stdout] 967543f749acb529ce635b63d29a104cd2350064277a6824d33027411136db38
[INFO] running `Command { std: "docker" "create" "-v" "/var/lib/crater-agent-workspace/builds/worker-0-tc1/target:/opt/rustwide/target:rw,Z" "-v" "/var/lib/crater-agent-workspace/builds/worker-0-tc1/source:/opt/rustwide/workdir:ro,Z" "-v" "/var/lib/crater-agent-workspace/cargo-home:/opt/rustwide/cargo-home:ro,Z" "-v" "/var/lib/crater-agent-workspace/rustup-home:/opt/rustwide/rustup-home:ro,Z" "-e" "SOURCE_DIR=/opt/rustwide/workdir" "-e" "CARGO_TARGET_DIR=/opt/rustwide/target" "-e" "CARGO_INCREMENTAL=0" "-e" "RUST_BACKTRACE=full" "-e" "RUSTFLAGS=--cap-lints=forbid" "-e" "RUSTDOCFLAGS=--cap-lints=forbid" "-e" "CARGO_HOME=/opt/rustwide/cargo-home" "-e" "RUSTUP_HOME=/opt/rustwide/rustup-home" "-w" "/opt/rustwide/workdir" "-m" "1610612736" "--user" "0:0" "--network" "none" "ghcr.io/rust-lang/crates-build-env/linux@sha256:19e73879b68f455e41552ea35293514db52ea292d993f571636dbffedb77a1ee" "/opt/rustwide/cargo-home/bin/cargo" "+9610dfe5a9a731ced1ea4923ecbd0c57fe367898" "check" "--frozen" "--all" "--all-targets" "--message-format=json", kill_on_drop: false }`
[INFO] [stdout] 01616a1a5607ac8bc89ef5fec6bca9b468809786105a58602a2341d103b5e0fd
[INFO] running `Command { std: "docker" "start" "-a" "01616a1a5607ac8bc89ef5fec6bca9b468809786105a58602a2341d103b5e0fd", kill_on_drop: false }`
[INFO] [stderr] warning: skipping duplicate package `blink` found at `/opt/rustwide/cargo-home/git/checkouts/zinc-81c783c18d834726/64aa605/examples/blink_lpc17xx`
[INFO] [stderr] warning: skipping duplicate package `blink_stm32f1` found at `/opt/rustwide/cargo-home/git/checkouts/zinc-81c783c18d834726/64aa605/examples/blink_stm32f1`
[INFO] [stderr] warning: skipping duplicate package `blink` found at `/opt/rustwide/cargo-home/git/checkouts/zinc-81c783c18d834726/64aa605/examples/blink_k20`
[INFO] [stderr]    Compiling zinc v0.1.0 (https://github.com/hackndev/zinc.git?branch=master#64aa6051)
[INFO] [stderr]     Checking rlibc v1.0.0
[INFO] [stderr]     Checking volatile_cell v1.0.0 (https://github.com/hackndev/zinc.git?branch=master#64aa6051)
[INFO] [stderr]    Compiling ioreg v0.1.0 (https://github.com/hackndev/zinc.git?branch=master#64aa6051)
[INFO] [stderr]    Compiling macro_zinc v0.1.0 (https://github.com/hackndev/zinc.git?branch=master#64aa6051)
[INFO] [stdout] error[E0557]: feature has been removed
[INFO] [stdout]   --> /opt/rustwide/cargo-home/git/checkouts/zinc-81c783c18d834726/64aa605/macro_zinc/src/lib.rs:16:27
[INFO] [stdout]    |
[INFO] [stdout] 16 | #![feature(rustc_private, plugin_registrar, quote)]
[INFO] [stdout]    |                           ^^^^^^^^^^^^^^^^ feature has been removed
[INFO] [stdout]    |
[INFO] [stdout]    = note: a __rustc_plugin_registrar symbol must now be defined instead
[INFO] [stdout] 
[INFO] [stdout] 
[INFO] [stdout] error[E0557]: feature has been removed
[INFO] [stdout]   --> /opt/rustwide/cargo-home/git/checkouts/zinc-81c783c18d834726/64aa605/macro_zinc/src/lib.rs:16:45
[INFO] [stdout]    |
[INFO] [stdout] 16 | #![feature(rustc_private, plugin_registrar, quote)]
[INFO] [stdout]    |                                             ^^^^^ feature has been removed
[INFO] [stdout] 
[INFO] [stdout] 
[INFO] [stdout] error[E0557]: feature has been removed
[INFO] [stdout]    --> /opt/rustwide/cargo-home/git/checkouts/zinc-81c783c18d834726/64aa605/ioreg/src/lib.rs:330:12
[INFO] [stdout]     |
[INFO] [stdout] 330 | #![feature(quote, plugin_registrar, rustc_private)]
[INFO] [stdout]     |            ^^^^^ feature has been removed
[INFO] [stdout] 
[INFO] [stdout] 
[INFO] [stdout] error[E0557]: feature has been removed
[INFO] [stdout]    --> /opt/rustwide/cargo-home/git/checkouts/zinc-81c783c18d834726/64aa605/ioreg/src/lib.rs:330:19
[INFO] [stdout]     |
[INFO] [stdout] 330 | #![feature(quote, plugin_registrar, rustc_private)]
[INFO] [stdout]     |                   ^^^^^^^^^^^^^^^^ feature has been removed
[INFO] [stdout]     |
[INFO] [stdout]     = note: a __rustc_plugin_registrar symbol must now be defined instead
[INFO] [stdout] 
[INFO] [stdout] 
[INFO] [stdout] error[E0462]: found staticlib `rustc` instead of rlib or dylib
[INFO] [stdout]   --> /opt/rustwide/cargo-home/git/checkouts/zinc-81c783c18d834726/64aa605/macro_zinc/src/lib.rs:18:1
[INFO] [stdout]    |
[INFO] [stdout] 18 | extern crate rustc;
[INFO] [stdout]    | ^^^^^^^^^^^^^^^^^^^
[INFO] [stdout]    |
[INFO] [stdout]    = note: the following crate versions were found:
[INFO] [stdout]            crate `rustc`: /opt/rustwide/rustup-home/toolchains/9610dfe5a9a731ced1ea4923ecbd0c57fe367898/lib/rustlib/x86_64-unknown-linux-gnu/lib/librustc-nightly_rt.tsan.a
[INFO] [stdout]            crate `rustc`: /opt/rustwide/rustup-home/toolchains/9610dfe5a9a731ced1ea4923ecbd0c57fe367898/lib/rustlib/x86_64-unknown-linux-gnu/lib/librustc-nightly_rt.msan.a
[INFO] [stdout]            crate `rustc`: /opt/rustwide/rustup-home/toolchains/9610dfe5a9a731ced1ea4923ecbd0c57fe367898/lib/rustlib/x86_64-unknown-linux-gnu/lib/librustc-nightly_rt.asan.a
[INFO] [stdout]            crate `rustc`: /opt/rustwide/rustup-home/toolchains/9610dfe5a9a731ced1ea4923ecbd0c57fe367898/lib/rustlib/x86_64-unknown-linux-gnu/lib/librustc-nightly_rt.lsan.a
[INFO] [stdout]            crate `rustc`: /opt/rustwide/rustup-home/toolchains/9610dfe5a9a731ced1ea4923ecbd0c57fe367898/lib/rustlib/x86_64-unknown-linux-gnu/lib/librustc-nightly_rt.safestack.a
[INFO] [stdout]    = help: please recompile that crate using --crate-type lib
[INFO] [stdout] 
[INFO] [stdout] 
[INFO] [stdout] error[E0463]: can't find crate for `syntax`
[INFO] [stdout]   --> /opt/rustwide/cargo-home/git/checkouts/zinc-81c783c18d834726/64aa605/macro_zinc/src/lib.rs:19:1
[INFO] [stdout]    |
[INFO] [stdout] 19 | extern crate syntax;
[INFO] [stdout]    | ^^^^^^^^^^^^^^^^^^^^ can't find crate
[INFO] [stdout] 
[INFO] [stdout] 
[INFO] [stdout] error[E0463]: can't find crate for `rustc_plugin`
[INFO] [stdout]   --> /opt/rustwide/cargo-home/git/checkouts/zinc-81c783c18d834726/64aa605/macro_zinc/src/lib.rs:20:1
[INFO] [stdout]    |
[INFO] [stdout] 20 | extern crate rustc_plugin;
[INFO] [stdout]    | ^^^^^^^^^^^^^^^^^^^^^^^^^^ can't find crate
[INFO] [stdout]    |
[INFO] [stdout]    = help: maybe you need to install the missing components with: `rustup component add rust-src rustc-dev llvm-tools-preview`
[INFO] [stdout] 
[INFO] [stdout] 
[INFO] [stdout] error[E0462]: found staticlib `rustc` instead of rlib or dylib
[INFO] [stdout]    --> /opt/rustwide/cargo-home/git/checkouts/zinc-81c783c18d834726/64aa605/ioreg/src/lib.rs:332:1
[INFO] [stdout]     |
[INFO] [stdout] 332 | extern crate rustc;
[INFO] [stdout]     | ^^^^^^^^^^^^^^^^^^^
[INFO] [stdout]     |
[INFO] [stdout]     = note: the following crate versions were found:
[INFO] [stdout]             crate `rustc`: /opt/rustwide/rustup-home/toolchains/9610dfe5a9a731ced1ea4923ecbd0c57fe367898/lib/rustlib/x86_64-unknown-linux-gnu/lib/librustc-nightly_rt.tsan.a
[INFO] [stdout]             crate `rustc`: /opt/rustwide/rustup-home/toolchains/9610dfe5a9a731ced1ea4923ecbd0c57fe367898/lib/rustlib/x86_64-unknown-linux-gnu/lib/librustc-nightly_rt.msan.a
[INFO] [stdout]             crate `rustc`: /opt/rustwide/rustup-home/toolchains/9610dfe5a9a731ced1ea4923ecbd0c57fe367898/lib/rustlib/x86_64-unknown-linux-gnu/lib/librustc-nightly_rt.asan.a
[INFO] [stdout]             crate `rustc`: /opt/rustwide/rustup-home/toolchains/9610dfe5a9a731ced1ea4923ecbd0c57fe367898/lib/rustlib/x86_64-unknown-linux-gnu/lib/librustc-nightly_rt.lsan.a
[INFO] [stdout]             crate `rustc`: /opt/rustwide/rustup-home/toolchains/9610dfe5a9a731ced1ea4923ecbd0c57fe367898/lib/rustlib/x86_64-unknown-linux-gnu/lib/librustc-nightly_rt.safestack.a
[INFO] [stdout]     = help: please recompile that crate using --crate-type lib
[INFO] [stdout] 
[INFO] [stdout] 
[INFO] [stdout] error[E0463]: can't find crate for `syntax`
[INFO] [stdout]    --> /opt/rustwide/cargo-home/git/checkouts/zinc-81c783c18d834726/64aa605/ioreg/src/lib.rs:333:1
[INFO] [stdout]     |
[INFO] [stdout] 333 | extern crate syntax;
[INFO] [stdout]     | ^^^^^^^^^^^^^^^^^^^^ can't find crate
[INFO] [stdout] 
[INFO] [stdout] 
[INFO] [stdout] error[E0463]: can't find crate for `serialize`
[INFO] [stdout]    --> /opt/rustwide/cargo-home/git/checkouts/zinc-81c783c18d834726/64aa605/ioreg/src/lib.rs:334:1
[INFO] [stdout]     |
[INFO] [stdout] 334 | extern crate serialize;
[INFO] [stdout]     | ^^^^^^^^^^^^^^^^^^^^^^^ can't find crate
[INFO] [stdout] 
[INFO] [stdout] 
[INFO] [stdout] error[E0463]: can't find crate for `rustc_plugin`
[INFO] [stdout]    --> /opt/rustwide/cargo-home/git/checkouts/zinc-81c783c18d834726/64aa605/ioreg/src/lib.rs:335:1
[INFO] [stdout]     |
[INFO] [stdout] 335 | extern crate rustc_plugin;
[INFO] [stdout]     | ^^^^^^^^^^^^^^^^^^^^^^^^^^ can't find crate
[INFO] [stdout]     |
[INFO] [stdout]     = help: maybe you need to install the missing components with: `rustup component add rust-src rustc-dev llvm-tools-preview`
[INFO] [stdout] 
[INFO] [stdout] 
[INFO] [stdout] error: cannot find attribute `plugin_registrar` in this scope
[INFO] [stdout]   --> /opt/rustwide/cargo-home/git/checkouts/zinc-81c783c18d834726/64aa605/macro_zinc/src/lib.rs:37:3
[INFO] [stdout]    |
[INFO] [stdout] 37 | #[plugin_registrar]
[INFO] [stdout]    |   ^^^^^^^^^^^^^^^^
[INFO] [stdout]    |
[INFO] [stdout]    = note: `plugin_registrar` is in scope, but it is a function, not an attribute
[INFO] [stdout] 
[INFO] [stdout] 
[INFO] [stdout] error: cannot find macro `quote_item` in this scope
[INFO] [stdout]   --> /opt/rustwide/cargo-home/git/checkouts/zinc-81c783c18d834726/64aa605/macro_zinc/src/lib.rs:54:15
[INFO] [stdout]    |
[INFO] [stdout] 54 |   let start = quote_item!(cx,
[INFO] [stdout]    |               ^^^^^^^^^^
[INFO] [stdout] 
[INFO] [stdout] 
[INFO] [stdout] error: cannot find macro `quote_expr` in this scope
[INFO] [stdout]    --> /opt/rustwide/cargo-home/git/checkouts/zinc-81c783c18d834726/64aa605/ioreg/src/builder/utils.rs:158:7
[INFO] [stdout]     |
[INFO] [stdout] 158 |       quote_expr!(cx, $low + $idx * $width)
[INFO] [stdout]     |       ^^^^^^^^^^
[INFO] [stdout] 
[INFO] [stdout] 
[INFO] [stdout] error: cannot find macro `quote_item` in this scope
[INFO] [stdout]   --> /opt/rustwide/cargo-home/git/checkouts/zinc-81c783c18d834726/64aa605/ioreg/src/builder/setter.rs:75:14
[INFO] [stdout]    |
[INFO] [stdout] 75 |   let item = quote_item!(cx,
[INFO] [stdout]    |              ^^^^^^^^^^
[INFO] [stdout] 
[INFO] [stdout] 
[INFO] [stdout] error: cannot find macro `quote_item` in this scope
[INFO] [stdout]   --> /opt/rustwide/cargo-home/git/checkouts/zinc-81c783c18d834726/64aa605/ioreg/src/builder/setter.rs:95:27
[INFO] [stdout]    |
[INFO] [stdout] 95 |   utils::unwrap_impl_item(quote_item!(cx,
[INFO] [stdout]    |                           ^^^^^^^^^^
[INFO] [stdout] 
[INFO] [stdout] 
[INFO] [stdout] error: cannot find macro `quote_item` in this scope
[INFO] [stdout]    --> /opt/rustwide/cargo-home/git/checkouts/zinc-81c783c18d834726/64aa605/ioreg/src/builder/setter.rs:116:27
[INFO] [stdout]     |
[INFO] [stdout] 116 |   utils::unwrap_impl_item(quote_item!(cx,
[INFO] [stdout]     |                           ^^^^^^^^^^
[INFO] [stdout] 
[INFO] [stdout] 
[INFO] [stdout] error: cannot find macro `quote_expr` in this scope
[INFO] [stdout]    --> /opt/rustwide/cargo-home/git/checkouts/zinc-81c783c18d834726/64aa605/ioreg/src/builder/setter.rs:155:7
[INFO] [stdout]     |
[INFO] [stdout] 155 |       quote_expr!(cx, 0)
[INFO] [stdout]     |       ^^^^^^^^^^
[INFO] [stdout] 
[INFO] [stdout] 
[INFO] [stdout] error: aborting due to 7 previous errors
[INFO] [stdout] 
[INFO] [stdout] 
[INFO] [stdout] Some errors have detailed explanations: E0462, E0463, E0557.
[INFO] [stdout] 
[INFO] [stdout] For more information about an error, try `rustc --explain E0462`.
[INFO] [stdout] 
[INFO] [stdout] error: cannot find macro `quote_expr` in this scope
[INFO] [stdout]    --> /opt/rustwide/cargo-home/git/checkouts/zinc-81c783c18d834726/64aa605/ioreg/src/builder/setter.rs:157:7
[INFO] [stdout]     |
[INFO] [stdout] 157 |       quote_expr!(cx, if self.write_only { 0 } else { self.reg.value.get() })
[INFO] [stdout]     |       ^^^^^^^^^^
[INFO] [stdout] 
[INFO] [stdout] 
[INFO] [stdout] error: cannot find macro `quote_item` in this scope
[INFO] [stdout]    --> /opt/rustwide/cargo-home/git/checkouts/zinc-81c783c18d834726/64aa605/ioreg/src/builder/setter.rs:160:14
[INFO] [stdout]     |
[INFO] [stdout] 160 |   let item = quote_item!(cx,
[INFO] [stdout]     |              ^^^^^^^^^^
[INFO] [stdout] 
[INFO] [stdout] 
[INFO] [stdout] error: cannot find macro `quote_item` in this scope
[INFO] [stdout]    --> /opt/rustwide/cargo-home/git/checkouts/zinc-81c783c18d834726/64aa605/ioreg/src/builder/setter.rs:178:27
[INFO] [stdout]     |
[INFO] [stdout] 178 |   utils::unwrap_impl_item(quote_item!(ctx,
[INFO] [stdout]     |                           ^^^^^^^^^^
[INFO] [stdout] 
[INFO] [stdout] 
[INFO] [stdout] error: cannot find macro `quote_item` in this scope
[INFO] [stdout]    --> /opt/rustwide/cargo-home/git/checkouts/zinc-81c783c18d834726/64aa605/ioreg/src/builder/setter.rs:198:3
[INFO] [stdout]     |
[INFO] [stdout] 198 |   quote_item!(cx,
[INFO] [stdout]     |   ^^^^^^^^^^
[INFO] [stdout] 
[INFO] [stdout] 
[INFO] [stdout] error: cannot find macro `quote_item` in this scope
[INFO] [stdout]    --> /opt/rustwide/cargo-home/git/checkouts/zinc-81c783c18d834726/64aa605/ioreg/src/builder/setter.rs:243:29
[INFO] [stdout]     |
[INFO] [stdout] 243 |     utils::unwrap_impl_item(quote_item!(cx,
[INFO] [stdout]     |                             ^^^^^^^^^^
[INFO] [stdout] 
[INFO] [stdout] 
[INFO] [stdout] error: cannot find macro `quote_expr` in this scope
[INFO] [stdout]    --> /opt/rustwide/cargo-home/git/checkouts/zinc-81c783c18d834726/64aa605/ioreg/src/builder/setter.rs:256:39
[INFO] [stdout]     |
[INFO] [stdout] 256 |     let shift = utils::shift(cx, Some(quote_expr!(cx, idx)), field);
[INFO] [stdout]     |                                       ^^^^^^^^^^
[INFO] [stdout] 
[INFO] [stdout] 
[INFO] [stdout] error: cannot find macro `quote_item` in this scope
[INFO] [stdout]    --> /opt/rustwide/cargo-home/git/checkouts/zinc-81c783c18d834726/64aa605/ioreg/src/builder/setter.rs:257:29
[INFO] [stdout]     |
[INFO] [stdout] 257 |     utils::unwrap_impl_item(quote_item!(cx,
[INFO] [stdout]     |                             ^^^^^^^^^^
[INFO] [stdout] 
[INFO] [stdout] 
[INFO] [stdout] error: cannot find macro `quote_item` in this scope
[INFO] [stdout]    --> /opt/rustwide/cargo-home/git/checkouts/zinc-81c783c18d834726/64aa605/ioreg/src/builder/setter.rs:292:29
[INFO] [stdout]     |
[INFO] [stdout] 292 |     utils::unwrap_impl_item(quote_item!(cx,
[INFO] [stdout]     |                             ^^^^^^^^^^
[INFO] [stdout] 
[INFO] [stdout] 
[INFO] [stdout] error: cannot find macro `quote_expr` in this scope
[INFO] [stdout]    --> /opt/rustwide/cargo-home/git/checkouts/zinc-81c783c18d834726/64aa605/ioreg/src/builder/setter.rs:304:39
[INFO] [stdout]     |
[INFO] [stdout] 304 |     let shift = utils::shift(cx, Some(quote_expr!(cx, idx)), field);
[INFO] [stdout]     |                                       ^^^^^^^^^^
[INFO] [stdout] 
[INFO] [stdout] 
[INFO] [stdout] error: cannot find macro `quote_item` in this scope
[INFO] [stdout]    --> /opt/rustwide/cargo-home/git/checkouts/zinc-81c783c18d834726/64aa605/ioreg/src/builder/setter.rs:305:29
[INFO] [stdout]     |
[INFO] [stdout] 305 |     utils::unwrap_impl_item(quote_item!(cx,
[INFO] [stdout]     |                             ^^^^^^^^^^
[INFO] [stdout] 
[INFO] [stdout] 
[INFO] [stdout] error: cannot find macro `quote_item` in this scope
[INFO] [stdout]   --> /opt/rustwide/cargo-home/git/checkouts/zinc-81c783c18d834726/64aa605/ioreg/src/builder/getter.rs:55:16
[INFO] [stdout]    |
[INFO] [stdout] 55 |       let it = quote_item!(self.cx,
[INFO] [stdout]    |                ^^^^^^^^^^
[INFO] [stdout] 
[INFO] [stdout] 
[INFO] [stdout] error: cannot find macro `quote_item` in this scope
[INFO] [stdout]   --> /opt/rustwide/cargo-home/git/checkouts/zinc-81c783c18d834726/64aa605/ioreg/src/builder/getter.rs:82:14
[INFO] [stdout]    |
[INFO] [stdout] 82 |   let item = quote_item!(cx,
[INFO] [stdout]    |              ^^^^^^^^^^
[INFO] [stdout] 
[INFO] [stdout] 
[INFO] [stdout] error: cannot find macro `quote_item` in this scope
[INFO] [stdout]    --> /opt/rustwide/cargo-home/git/checkouts/zinc-81c783c18d834726/64aa605/ioreg/src/builder/getter.rs:102:14
[INFO] [stdout]     |
[INFO] [stdout] 102 |   let item = quote_item!(cx,
[INFO] [stdout]     |              ^^^^^^^^^^
[INFO] [stdout] 
[INFO] [stdout] 
[INFO] [stderr] error: could not compile `macro_zinc` (lib) due to 8 previous errors
[INFO] [stderr] warning: build failed, waiting for other jobs to finish...
[INFO] [stdout] error: cannot find macro `quote_item` in this scope
[INFO] [stdout]    --> /opt/rustwide/cargo-home/git/checkouts/zinc-81c783c18d834726/64aa605/ioreg/src/builder/getter.rs:186:59
[INFO] [stdout]     |
[INFO] [stdout] 186 |   let get_raw: P<ast::ImplItem> = utils::unwrap_impl_item(quote_item!(cx,
[INFO] [stdout]     |                                                           ^^^^^^^^^^
[INFO] [stdout] 
[INFO] [stdout] 
[INFO] [stdout] error: cannot find macro `quote_item` in this scope
[INFO] [stdout]    --> /opt/rustwide/cargo-home/git/checkouts/zinc-81c783c18d834726/64aa605/ioreg/src/builder/getter.rs:196:12
[INFO] [stdout]     |
[INFO] [stdout] 196 |   let it = quote_item!(cx,
[INFO] [stdout]     |            ^^^^^^^^^^
[INFO] [stdout] 
[INFO] [stdout] 
[INFO] [stdout] error: cannot find macro `quote_expr` in this scope
[INFO] [stdout]    --> /opt/rustwide/cargo-home/git/checkouts/zinc-81c783c18d834726/64aa605/ioreg/src/builder/getter.rs:230:7
[INFO] [stdout]     |
[INFO] [stdout] 230 |       quote_expr!(cx, (self.value >> $shift) & $mask));
[INFO] [stdout]     |       ^^^^^^^^^^
[INFO] [stdout] 
[INFO] [stdout] 
[INFO] [stdout] error: cannot find macro `quote_item` in this scope
[INFO] [stdout]    --> /opt/rustwide/cargo-home/git/checkouts/zinc-81c783c18d834726/64aa605/ioreg/src/builder/getter.rs:231:29
[INFO] [stdout]     |
[INFO] [stdout] 231 |     utils::unwrap_impl_item(quote_item!(cx,
[INFO] [stdout]     |                             ^^^^^^^^^^
[INFO] [stdout] 
[INFO] [stdout] 
[INFO] [stdout] error: cannot find macro `quote_expr` in this scope
[INFO] [stdout]    --> /opt/rustwide/cargo-home/git/checkouts/zinc-81c783c18d834726/64aa605/ioreg/src/builder/getter.rs:241:39
[INFO] [stdout]     |
[INFO] [stdout] 241 |     let shift = utils::shift(cx, Some(quote_expr!(cx, idx)), field);
[INFO] [stdout]     |                                       ^^^^^^^^^^
[INFO] [stdout] 
[INFO] [stdout] 
[INFO] [stdout] error: cannot find macro `quote_expr` in this scope
[INFO] [stdout]    --> /opt/rustwide/cargo-home/git/checkouts/zinc-81c783c18d834726/64aa605/ioreg/src/builder/getter.rs:244:7
[INFO] [stdout]     |
[INFO] [stdout] 244 |       quote_expr!(cx, (self.value >> $shift) & $mask));
[INFO] [stdout]     |       ^^^^^^^^^^
[INFO] [stdout] 
[INFO] [stdout] 
[INFO] [stdout] error: cannot find macro `quote_item` in this scope
[INFO] [stdout]    --> /opt/rustwide/cargo-home/git/checkouts/zinc-81c783c18d834726/64aa605/ioreg/src/builder/getter.rs:245:29
[INFO] [stdout]     |
[INFO] [stdout] 245 |     utils::unwrap_impl_item(quote_item!(cx,
[INFO] [stdout]     |                             ^^^^^^^^^^
[INFO] [stdout] 
[INFO] [stdout] 
[INFO] [stdout] error: cannot find macro `quote_item` in this scope
[INFO] [stdout]    --> /opt/rustwide/cargo-home/git/checkouts/zinc-81c783c18d834726/64aa605/ioreg/src/builder/union.rs:209:22
[INFO] [stdout]     |
[INFO] [stdout] 209 |     let clone_impl = quote_item!(self.cx,
[INFO] [stdout]     |                      ^^^^^^^^^^
[INFO] [stdout] 
[INFO] [stdout] 
[INFO] [stdout] error: cannot find macro `quote_item` in this scope
[INFO] [stdout]    --> /opt/rustwide/cargo-home/git/checkouts/zinc-81c783c18d834726/64aa605/ioreg/src/builder/union.rs:227:21
[INFO] [stdout]     |
[INFO] [stdout] 227 |     let copy_impl = quote_item!(
[INFO] [stdout]     |                     ^^^^^^^^^^
[INFO] [stdout] 
[INFO] [stdout] 
[INFO] [stdout] error: cannot find macro `quote_item` in this scope
[INFO] [stdout]    --> /opt/rustwide/cargo-home/git/checkouts/zinc-81c783c18d834726/64aa605/ioreg/src/builder/union.rs:236:23
[INFO] [stdout]     |
[INFO] [stdout] 236 |     let item_getter = quote_item!(self.cx,
[INFO] [stdout]     |                       ^^^^^^^^^^
[INFO] [stdout] 
[INFO] [stdout] 
[INFO] [stdout] error: cannot find macro `quote_item` in this scope
[INFO] [stdout]    --> /opt/rustwide/cargo-home/git/checkouts/zinc-81c783c18d834726/64aa605/ioreg/src/builder/register.rs:132:14
[INFO] [stdout]     |
[INFO] [stdout] 132 |   let item = quote_item!(cx,
[INFO] [stdout]     |              ^^^^^^^^^^
[INFO] [stdout] 
[INFO] [stdout] 
[INFO] [stdout] error: cannot find macro `quote_item` in this scope
[INFO] [stdout]    --> /opt/rustwide/cargo-home/git/checkouts/zinc-81c783c18d834726/64aa605/ioreg/src/builder/register.rs:143:19
[INFO] [stdout]     |
[INFO] [stdout] 143 |   let copy_impl = quote_item!(cx, impl ::core::marker::Copy for $ty_name {}).unwrap();
[INFO] [stdout]     |                   ^^^^^^^^^^
[INFO] [stdout] 
[INFO] [stdout] 
[INFO] [stdout] error: cannot find macro `quote_item` in this scope
[INFO] [stdout]   --> /opt/rustwide/cargo-home/git/checkouts/zinc-81c783c18d834726/64aa605/ioreg/src/builder/accessors.rs:95:3
[INFO] [stdout]    |
[INFO] [stdout] 95 |   quote_item!(cx,
[INFO] [stdout]    |   ^^^^^^^^^^
[INFO] [stdout] 
[INFO] [stdout] 
[INFO] [stdout] error: cannot find macro `quote_item` in this scope
[INFO] [stdout]    --> /opt/rustwide/cargo-home/git/checkouts/zinc-81c783c18d834726/64aa605/ioreg/src/builder/accessors.rs:114:14
[INFO] [stdout]     |
[INFO] [stdout] 114 |   let item = quote_item!(cx,
[INFO] [stdout]     |              ^^^^^^^^^^
[INFO] [stdout] 
[INFO] [stdout] 
[INFO] [stdout] error: cannot find macro `quote_item` in this scope
[INFO] [stdout]    --> /opt/rustwide/cargo-home/git/checkouts/zinc-81c783c18d834726/64aa605/ioreg/src/builder/accessors.rs:138:14
[INFO] [stdout]     |
[INFO] [stdout] 138 |   let item = quote_item!(cx,
[INFO] [stdout]     |              ^^^^^^^^^^
[INFO] [stdout] 
[INFO] [stdout] 
[INFO] [stdout] error: cannot find macro `quote_item` in this scope
[INFO] [stdout]    --> /opt/rustwide/cargo-home/git/checkouts/zinc-81c783c18d834726/64aa605/ioreg/src/builder/accessors.rs:162:29
[INFO] [stdout]     |
[INFO] [stdout] 162 |     utils::unwrap_impl_item(quote_item!(cx,
[INFO] [stdout]     |                             ^^^^^^^^^^
[INFO] [stdout] 
[INFO] [stdout] 
[INFO] [stdout] error: cannot find macro `quote_item` in this scope
[INFO] [stdout]    --> /opt/rustwide/cargo-home/git/checkouts/zinc-81c783c18d834726/64aa605/ioreg/src/builder/accessors.rs:174:29
[INFO] [stdout]     |
[INFO] [stdout] 174 |     utils::unwrap_impl_item(quote_item!(cx,
[INFO] [stdout]     |                             ^^^^^^^^^^
[INFO] [stdout] 
[INFO] [stdout] 
[INFO] [stdout] error: cannot find macro `quote_item` in this scope
[INFO] [stdout]    --> /opt/rustwide/cargo-home/git/checkouts/zinc-81c783c18d834726/64aa605/ioreg/src/builder/accessors.rs:199:9
[INFO] [stdout]     |
[INFO] [stdout] 199 |         quote_item!(cx,
[INFO] [stdout]     |         ^^^^^^^^^^
[INFO] [stdout] 
[INFO] [stdout] 
[INFO] [stdout] error: cannot find macro `quote_item` in this scope
[INFO] [stdout]    --> /opt/rustwide/cargo-home/git/checkouts/zinc-81c783c18d834726/64aa605/ioreg/src/builder/accessors.rs:209:9
[INFO] [stdout]     |
[INFO] [stdout] 209 |         quote_item!(cx,
[INFO] [stdout]     |         ^^^^^^^^^^
[INFO] [stdout] 
[INFO] [stdout] 
[INFO] [stdout] error: cannot find macro `quote_item` in this scope
[INFO] [stdout]    --> /opt/rustwide/cargo-home/git/checkouts/zinc-81c783c18d834726/64aa605/ioreg/src/builder/accessors.rs:231:5
[INFO] [stdout]     |
[INFO] [stdout] 231 |     quote_item!(cx,
[INFO] [stdout]     |     ^^^^^^^^^^
[INFO] [stdout] 
[INFO] [stdout] 
[INFO] [stdout] error: cannot find macro `quote_item` in this scope
[INFO] [stdout]    --> /opt/rustwide/cargo-home/git/checkouts/zinc-81c783c18d834726/64aa605/ioreg/src/builder/accessors.rs:243:5
[INFO] [stdout]     |
[INFO] [stdout] 243 |     quote_item!(cx,
[INFO] [stdout]     |     ^^^^^^^^^^
[INFO] [stdout] 
[INFO] [stdout] 
[INFO] [stdout] error: cannot find attribute `plugin_registrar` in this scope
[INFO] [stdout]    --> /opt/rustwide/cargo-home/git/checkouts/zinc-81c783c18d834726/64aa605/ioreg/src/lib.rs:350:3
[INFO] [stdout]     |
[INFO] [stdout] 350 | #[plugin_registrar]
[INFO] [stdout]     |   ^^^^^^^^^^^^^^^^
[INFO] [stdout]     |
[INFO] [stdout]     = note: `plugin_registrar` is in scope, but it is a function, not an attribute
[INFO] [stdout] 
[INFO] [stdout] 
[INFO] [stdout] error: aborting due to 46 previous errors
[INFO] [stdout] 
[INFO] [stdout] 
[INFO] [stdout] Some errors have detailed explanations: E0462, E0463, E0557.
[INFO] [stdout] 
[INFO] [stdout] For more information about an error, try `rustc --explain E0462`.
[INFO] [stdout] 
[INFO] [stderr] error: could not compile `ioreg` (lib) due to 47 previous errors
[INFO] running `Command { std: "docker" "inspect" "01616a1a5607ac8bc89ef5fec6bca9b468809786105a58602a2341d103b5e0fd", kill_on_drop: false }`
[INFO] running `Command { std: "docker" "rm" "-f" "01616a1a5607ac8bc89ef5fec6bca9b468809786105a58602a2341d103b5e0fd", kill_on_drop: false }`
[INFO] [stdout] 01616a1a5607ac8bc89ef5fec6bca9b468809786105a58602a2341d103b5e0fd
